{"id":97,"date":"2016-09-05T20:50:01","date_gmt":"2016-09-05T20:50:01","guid":{"rendered":"http:\/\/jade-blick.de\/?page_id=97"},"modified":"2025-02-09T13:32:12","modified_gmt":"2025-02-09T13:32:12","slug":"belegungsplaene","status":"publish","type":"page","link":"https:\/\/jade-blick.de\/?page_id=97","title":{"rendered":"Online-Buchung"},"content":{"rendered":"\n<p>hier k\u00f6nnen Sie unsere Ferienwohnungen online &#8211; ohne Vermittlungsgeb\u00fchr &#8211; direkt bei uns buchen. Bitte beachten Sie, dass die Online-Buchung aus organisatorischen Gr\u00fcnden erst ab einer Anreise von 2 Tagen in der Zukunft (also nicht ab heute oder morgen) m\u00f6glich ist und nur online-Buchungen ab 7 N\u00e4chten m\u00f6glich sind. Sollten Sie kurzfristiger anreisen wollen oder ein sonstiges Buchungsproblem haben, wenden Sie sich bitte auf anderen Wegen an uns (siehe weiter unten).<\/p>\n\n\n\n<p><\/p>\n\n\n\n<div id=\"apartmentIframeAll\">\n<script type=\"text\/javascript\" src=\"https:\/\/login.smoobu.com\/js\/Settings\/BookingToolIframe.js\"><\/script>\n<script>BookingToolIframe.initialize({\"url\": \"https:\/\/login.smoobu.com\/de\/booking-tool\/iframe\/528811\", \"baseUrl\": \"https:\/\/login.smoobu.com\", \"target\": \"#apartmentIframeAll\"})<\/script>\n<\/div>\n\n\n\n<p>Mail info@jade-blick.de<\/p>\n\n\n\n<p>WhatsApp 01602791992<\/p>\n\n\n\n<p>Facebook <a href=\"http:\/\/www.facebook.com\/FeWoJadeBlick\">www.facebook.com\/FeWoJadeBlick<\/a><\/p>\n\n\n\n<p>oder Telefon 0160-2791992<\/p>\n","protected":false},"excerpt":{"rendered":"<p>hier k\u00f6nnen Sie unsere Ferienwohnungen online &#8211; ohne Vermittlungsgeb\u00fchr &#8211; direkt bei uns buchen. Bitte beachten Sie, dass die Online-Buchung aus organisatorischen Gr\u00fcnden erst ab einer Anreise von 2 Tagen in der Zukunft (also nicht ab heute oder morgen) m\u00f6glich ist und nur online-Buchungen ab 7 N\u00e4chten m\u00f6glich sind. Sollten Sie kurzfristiger anreisen wollen oder [&hellip;]<\/p>\n","protected":false},"author":1,"featured_media":0,"parent":0,"menu_order":4,"comment_status":"closed","ping_status":"closed","template":"","meta":{"footnotes":""},"class_list":["post-97","page","type-page","status-publish","hentry"],"_links":{"self":[{"href":"https:\/\/jade-blick.de\/index.php?rest_route=\/wp\/v2\/pages\/97","targetHints":{"allow":["GET"]}}],"collection":[{"href":"https:\/\/jade-blick.de\/index.php?rest_route=\/wp\/v2\/pages"}],"about":[{"href":"https:\/\/jade-blick.de\/index.php?rest_route=\/wp\/v2\/types\/page"}],"author":[{"embeddable":true,"href":"https:\/\/jade-blick.de\/index.php?rest_route=\/wp\/v2\/users\/1"}],"replies":[{"embeddable":true,"href":"https:\/\/jade-blick.de\/index.php?rest_route=%2Fwp%2Fv2%2Fcomments&post=97"}],"version-history":[{"count":18,"href":"https:\/\/jade-blick.de\/index.php?rest_route=\/wp\/v2\/pages\/97\/revisions"}],"predecessor-version":[{"id":372,"href":"https:\/\/jade-blick.de\/index.php?rest_route=\/wp\/v2\/pages\/97\/revisions\/372"}],"wp:attachment":[{"href":"https:\/\/jade-blick.de\/index.php?rest_route=%2Fwp%2Fv2%2Fmedia&parent=97"}],"curies":[{"name":"wp","href":"https:\/\/api.w.org\/{rel}","templated":true}]}}