{"id":34,"date":"2016-02-17T19:48:13","date_gmt":"2016-02-17T19:48:13","guid":{"rendered":"http:\/\/jade-blick.de\/?page_id=34"},"modified":"2026-04-02T11:18:16","modified_gmt":"2026-04-02T11:18:16","slug":"preisliste","status":"publish","type":"page","link":"https:\/\/jade-blick.de\/?page_id=34","title":{"rendered":"Preisliste"},"content":{"rendered":"<h5>Zeitraum\u00a0\u00a0\u00a0\u00a0\u00a0\u00a0\u00a0\u00a0\u00a0\u00a0\u00a0\u00a0\u00a0\u00a0\u00a0\u00a0\u00a0\u00a0\u00a0\u00a0\u00a0\u00a0\u00a0\u00a0 Preis pro Nacht f\u00fcr die<\/h5>\n<pre>                  Oberwohnungen      Parterrewohnungen<br \/>17.03.26-27.04.26      55,-                65,-<br \/>28.04.26-26.10.26      60,-                70,-<br \/>27.10.26-09.11.26      55,-                65,-<br \/>10.11.26-21.12.26      45,-                55,-<br \/>22.12.26-04.01.27      60,-                70,-<\/pre>\n<p>Alle Preise gelten pro Wohnung bei einer Belegung mit 2 Personen. F\u00fcr jede weitere Person pro Wohnung berechnen wir 5,- Euro pro Nacht, f\u00fcr jedes mitreisende Haustier 15,- Euro pro Nacht. Die erste Nacht berechnen wir mit einmalig 60,- Euro zus\u00e4tzlich, in dieser Summe ist die Endreinigung sowie eine Energiepauschale enthalten. F\u00fcr k\u00fcrzere Aufenthalte berechnen wir je nach Saison einen Kurzaufenthaltszuschlag. Im Ausnahmefall k\u00f6nnen wir auch Bettw\u00e4sche und Handt\u00fccher zur Verf\u00fcgung stellen, Preise auf Anfrage.<\/p>\n\n\n<p><\/p>\n","protected":false},"excerpt":{"rendered":"<p>Zeitraum\u00a0\u00a0\u00a0\u00a0\u00a0\u00a0\u00a0\u00a0\u00a0\u00a0\u00a0\u00a0\u00a0\u00a0\u00a0\u00a0\u00a0\u00a0\u00a0\u00a0\u00a0\u00a0\u00a0\u00a0 Preis pro Nacht f\u00fcr die Oberwohnungen Parterrewohnungen17.03.26-27.04.26 55,- 65,-28.04.26-26.10.26 60,- 70,-27.10.26-09.11.26 55,- 65,-10.11.26-21.12.26 45,- 55,-22.12.26-04.01.27 60,- 70,- Alle Preise gelten pro Wohnung bei einer Belegung mit 2 Personen. F\u00fcr jede weitere Person pro Wohnung berechnen wir 5,- Euro pro Nacht, f\u00fcr jedes mitreisende Haustier 15,- Euro pro Nacht. Die erste Nacht berechnen wir mit [&hellip;]<\/p>\n","protected":false},"author":1,"featured_media":0,"parent":0,"menu_order":3,"comment_status":"closed","ping_status":"closed","template":"","meta":{"footnotes":""},"class_list":["post-34","page","type-page","status-publish","hentry"],"_links":{"self":[{"href":"https:\/\/jade-blick.de\/index.php?rest_route=\/wp\/v2\/pages\/34","targetHints":{"allow":["GET"]}}],"collection":[{"href":"https:\/\/jade-blick.de\/index.php?rest_route=\/wp\/v2\/pages"}],"about":[{"href":"https:\/\/jade-blick.de\/index.php?rest_route=\/wp\/v2\/types\/page"}],"author":[{"embeddable":true,"href":"https:\/\/jade-blick.de\/index.php?rest_route=\/wp\/v2\/users\/1"}],"replies":[{"embeddable":true,"href":"https:\/\/jade-blick.de\/index.php?rest_route=%2Fwp%2Fv2%2Fcomments&post=34"}],"version-history":[{"count":30,"href":"https:\/\/jade-blick.de\/index.php?rest_route=\/wp\/v2\/pages\/34\/revisions"}],"predecessor-version":[{"id":377,"href":"https:\/\/jade-blick.de\/index.php?rest_route=\/wp\/v2\/pages\/34\/revisions\/377"}],"wp:attachment":[{"href":"https:\/\/jade-blick.de\/index.php?rest_route=%2Fwp%2Fv2%2Fmedia&parent=34"}],"curies":[{"name":"wp","href":"https:\/\/api.w.org\/{rel}","templated":true}]}}