{"id":337,"date":"2023-01-23T22:06:00","date_gmt":"2023-01-23T22:06:00","guid":{"rendered":"https:\/\/jade-blick.de\/?page_id=337"},"modified":"2023-01-23T22:13:58","modified_gmt":"2023-01-23T22:13:58","slug":"verfuegbarkeiten-unserer-wohnungen","status":"publish","type":"page","link":"https:\/\/jade-blick.de\/?page_id=337","title":{"rendered":"Verf\u00fcgbarkeiten unserer Wohnungen"},"content":{"rendered":"\n<p>Sie k\u00f6nnen sich \u00fcber die aktuelle Belegung unserer Wohnungen hier informieren, alternativ k\u00f6nnen Sie auch den Reiter &#8222;online-Buchung&#8220; ausw\u00e4hlen und die Wohnung, die Ihnen zusagt, direkt online buchen.<\/p>\n\n\n\n<p>Wohnung im Obergeschoss rechts<\/p>\n\n\n\n<div id=\"smoobuApartment1524547de\" class=\"calendarWidget\"> <div class=\"calendarContent\" data-load-calendar-url=\"https:\/\/login.smoobu.com\/de\/cockpit\/widget\/single-calendar\/1524547\" data-verification=\"5f346cdfba7b8f021153ae2023469e21957c9ba8140a983e2f463197442e0b2b\" data-baseUrl=\"https:\/\/login.smoobu.com\" data-disable-css=\"false\" ><\/div> <script type=\"text\/javascript\" src=\"https:\/\/login.smoobu.com\/js\/Apartment\/CalendarWidget.js\"><\/script><\/div>\n\n\n\n<p>Wohnung im Obergeschoss links<\/p>\n\n\n\n<div id=\"smoobuApartment1524544de\" class=\"calendarWidget\"> <div class=\"calendarContent\" data-load-calendar-url=\"https:\/\/login.smoobu.com\/de\/cockpit\/widget\/single-calendar\/1524544\" data-verification=\"28b157c8e78d11e7de0030962307f2803a90245c3dea4e4fd30087c5d5d663b6\" data-baseUrl=\"https:\/\/login.smoobu.com\" data-disable-css=\"false\" ><\/div> <script type=\"text\/javascript\" src=\"https:\/\/login.smoobu.com\/js\/Apartment\/CalendarWidget.js\"><\/script><\/div>\n\n\n\n<p>Wohnung im Erdgeschoss rechts<\/p>\n\n\n\n<div id=\"smoobuApartment1524541de\" class=\"calendarWidget\"> <div class=\"calendarContent\" data-load-calendar-url=\"https:\/\/login.smoobu.com\/de\/cockpit\/widget\/single-calendar\/1524541\" data-verification=\"0a8aa7b66b66bcf90aa84dbe04d3520a881fdaae8f4fa67442efc97d61432f12\" data-baseUrl=\"https:\/\/login.smoobu.com\" data-disable-css=\"false\" ><\/div> <script type=\"text\/javascript\" src=\"https:\/\/login.smoobu.com\/js\/Apartment\/CalendarWidget.js\"><\/script><\/div>\n\n\n\n<p>Wohnung im Erdgeschoss links<\/p>\n\n\n\n<div id=\"smoobuApartment1524412de\" class=\"calendarWidget\"> <div class=\"calendarContent\" data-load-calendar-url=\"https:\/\/login.smoobu.com\/de\/cockpit\/widget\/single-calendar\/1524412\" data-verification=\"96b417bfdcc343eaff2f9f938de645cfece71b7f0ed32417fed85c9513b5c798\" data-baseUrl=\"https:\/\/login.smoobu.com\" data-disable-css=\"false\" ><\/div> <script type=\"text\/javascript\" src=\"https:\/\/login.smoobu.com\/js\/Apartment\/CalendarWidget.js\"><\/script><\/div>\n","protected":false},"excerpt":{"rendered":"<p>Sie k\u00f6nnen sich \u00fcber die aktuelle Belegung unserer Wohnungen hier informieren, alternativ k\u00f6nnen Sie auch den Reiter &#8222;online-Buchung&#8220; ausw\u00e4hlen und die Wohnung, die Ihnen zusagt, direkt online buchen. Wohnung im Obergeschoss rechts Wohnung im Obergeschoss links Wohnung im Erdgeschoss rechts Wohnung im Erdgeschoss links<\/p>\n","protected":false},"author":1,"featured_media":0,"parent":42,"menu_order":0,"comment_status":"closed","ping_status":"closed","template":"","meta":{"footnotes":""},"class_list":["post-337","page","type-page","status-publish","hentry"],"_links":{"self":[{"href":"https:\/\/jade-blick.de\/index.php?rest_route=\/wp\/v2\/pages\/337","targetHints":{"allow":["GET"]}}],"collection":[{"href":"https:\/\/jade-blick.de\/index.php?rest_route=\/wp\/v2\/pages"}],"about":[{"href":"https:\/\/jade-blick.de\/index.php?rest_route=\/wp\/v2\/types\/page"}],"author":[{"embeddable":true,"href":"https:\/\/jade-blick.de\/index.php?rest_route=\/wp\/v2\/users\/1"}],"replies":[{"embeddable":true,"href":"https:\/\/jade-blick.de\/index.php?rest_route=%2Fwp%2Fv2%2Fcomments&post=337"}],"version-history":[{"count":1,"href":"https:\/\/jade-blick.de\/index.php?rest_route=\/wp\/v2\/pages\/337\/revisions"}],"predecessor-version":[{"id":338,"href":"https:\/\/jade-blick.de\/index.php?rest_route=\/wp\/v2\/pages\/337\/revisions\/338"}],"up":[{"embeddable":true,"href":"https:\/\/jade-blick.de\/index.php?rest_route=\/wp\/v2\/pages\/42"}],"wp:attachment":[{"href":"https:\/\/jade-blick.de\/index.php?rest_route=%2Fwp%2Fv2%2Fmedia&parent=337"}],"curies":[{"name":"wp","href":"https:\/\/api.w.org\/{rel}","templated":true}]}}